5?
305
What is the greatest common factor of 18419325 and 75?
75
What is the greatest common divisor of 450542092 and 8008?
4004
What is the highest common factor of 2346 and 79616202?
2346
Calculate the highest common divisor of 534 and 5396693.
89
What is the greatest common divisor of 7789 and 725342836?
7789
What is the greatest common divisor of 74 and 29560151?
37
What is the highest common factor of 2576 and 2077820?
92
What is the highest common factor of 2813088 and 12216?
24
Calculate the highest common divisor of 52434 and 50868.
54
What is the highest common divisor of 74 and 4385610?
74
Calculate the greatest common factor of 148155161 and 7.
7
Calculate the greatest common divisor of 1560260 and 15319720.
4420
Calculate the highest common divisor of 9667 and 86347025.
1381
What is the highest common divisor of 711 and 3133693?
79
Calculate the highest common divisor of 502827 and 29224.
13
What is the highest common factor of 7400 and 1278683?
37
Calculate the highest common divisor of 28192 and 3086143.
881
Calculate the highest common divisor of 105 and 77410650.
15
Calculate the greatest common divisor of 656 and 4616.
8
What is the greatest common factor of 244224 and 10547?
53
Calculate the greatest common divisor of 25685 and 87669910.
2335
Calculate the highest common divisor of 95631 and 1028598.
753
What is the highest common factor of 1558 and 190760741?
779
Calculate the highest common factor of 27698058 and 45.
9
What is the highest common factor of 6424 and 664957?
73
What is the greatest common factor of 508 and 35260?
4
What is the highest common factor of 585 and 441605?
5
What is the highest common factor of 5056 and 257888?
32
Calculate the greatest common divisor of 12008 and 8696.
8
Calculate the greatest common factor of 1174422 and 252.
6
Calculate the greatest common factor of 4885562 and 23188.
374
What is the highest common factor of 346832 and 5353?
53
Calculate the highest common factor of 2509 and 1526655.
13
Calculate the highest common divisor of 1673703 and 162.
81
Calculate the greatest common divisor of 228 and 5623404.
12
Calculate the greatest common factor of 1224 and 1118277.
153
Calculate the highest common factor of 139146 and 11578.
14
Calculate the greatest common factor of 69692 and 212800.
532
Calculate the greatest common divisor of 69286 and 5706803.
101
Calculate the highest common factor of 30 and 351111285.
15
What is the highest common factor of 20520 and 19372248?
1368
What is the greatest common factor of 150 and 4042050?
150
What is the highest common factor of 285 and 181511445?
15
Calculate the greatest common factor of 628028800 and 140.
140
What is the greatest common factor of 12364740 and 730?
730
Calculate the greatest common factor of 27441261 and 243.
243
What is the highest common factor of 686814 and 232990?
2026
What is the highest common divisor of 65262816 and 8856?
2952
Calculate the highest common factor of 9 and 5601426.
3
Calculate the greatest common divisor of 20890 and 1268023.
2089
What is the greatest common divisor of 24 and 426284436?
12
Calculate the greatest common factor of 1083486 and 4806.
534
What is the highest common divisor of 129326829 and 5298?
2649
What is the greatest common divisor of 28915481 and 2506?
1253
Calculate the highest common divisor of 16625 and 73115.
35
What is the highest common factor of 94180729 and 325075?
13003
What is the greatest common factor of 903685 and 11?
1
What is the highest common divisor of 38176896 and 10878?
222
Calculate the highest common divisor of 1761804 and 1782.
594
Calculate the highest common divisor of 141886784 and 1664.
832
What is the highest common divisor of 940950 and 600814?
1394
What is the highest common divisor of 10357245 and 7935?
345
What is the highest common divisor of 774906 and 37348121?
11741
What is the greatest common divisor of 11952 and 5004402?
498
Calculate the greatest common factor of 3438 and 1900944.
18
Calculate the highest common factor of 296 and 109106636.
148
Calculate the greatest common divisor of 2607763 and 23.
23
Calculate the highest common divisor of 664 and 59096.
664
What is the greatest common factor of 3229470 and 1080?
270
What is the highest common factor of 326464 and 2208?
32
Calculate the greatest common factor of 3747466 and 93.
31
What is the greatest common divisor of 171360 and 431200?
1120
What is the greatest common factor of 3339558 and 72?
18
What is the highest common factor of 2819071 and 179?
179
Calculate the highest common divisor of 3064 and 24632.
8
Calculate the greatest common divisor of 28 and 20386116.
4
What is the highest common factor of 1379150634 and 4038?
4038
Calculate the greatest common factor of 32514380 and 25.
5
What is the highest common divisor of 4472406 and 414?
18
What is the highest common divisor of 4371 and 677691?
93
Calculate the greatest common divisor of 24000 and 480288.
96
What is the highest common factor of 939351 and 22783353?
3273
Calculate the greatest common factor of 2476559 and 775.
31
Calculate the highest common factor of 47155158 and 112068.
5094
Calculate the highest common divisor of 2008 and 590265656.
2008
What is the greatest common factor of 62508 and 6852?
12
What is the highest common factor of 17198324 and 3124?
44
Calculate the highest common factor of 420662 and 902.
22
Calculate the greatest common factor of 2558879 and 2.
1
Calculate the highest common factor of 19269 and 30982411.
2141
Calculate the greatest common factor of 160 and 62432.
32
What is the greatest common divisor of 11112831 and 27?
9
Calculate the highest common divisor of 114363 and 7124697.
1179
What is the highest common factor of 9655881 and 9?
3
Calculate the highest common divisor of 487521 and 124317.
171
Calculate the greatest common factor of 4 and 214805392.
4
Calculate the highest common factor of 2809725 and 75.
75
Calculate the highest common divisor of 5 and 9571675.
5
Calculate the greatest common divisor of 10454 and 4016.
2
What is the highest common divisor of 88684011 and 1053?
351
Calculate the highest common divisor of 78 and 82337151.
39
What is the highest common factor of 1066530 and 10410?
30
Calculate the greatest common divisor of 31763 and 630430.
23
Calculate the greatest common divisor of 10104 and 444.
12
Calculate the greatest common divisor of 77386695 and 155.
155
Calculate the greatest common factor of 96768 and 10305024.
1536
Calculate the highest common factor of 7707 and 420609.
21
Calculate the highest common factor of 1048065 and 1140.
15
What is the highest common divisor of 1908 and 9236151?
477
What is the highest common divisor of 308 and 115470124?
308
Calculate the highest common divisor of 19388279 and 85.
17
Calculate the greatest common divisor of 91 and 177329425.
91
Calculate the greatest common factor of 771 and 73113.
3
What is the greatest common factor of 486 and 1906853562?
486
Calculate the greatest common divisor of 7559936 and 12.
4
Calculate the greatest common divisor of 1875989 and 1.
1
What is the highest common factor of 245957 and 1138010?
3671
Calculate the greatest common factor of 4077018 and 14868.
1062
Calculate the highest common divisor of 130 and 905380.
10
Calculate the highest common factor of 2820 and 10537635.
705
Calculate the greatest common factor of 10039601 and 22.
11
What is the greatest common factor of 1270534188 and 42?
42
Calculate the greatest common factor of 203 and 2510739.
7
Calculate the highest common divisor of 44100 and 19260.
180
What is the highest common factor of 861916014 and 6018?
6018
Calculate the greatest common divisor of 255758391 and 405.
81
Calculate the greatest common divisor of 7221835 and 3961.
233
What is the highest common factor of 42680968 and 4026?
1342
Calculate the greatest common factor of 28 and 1911999572.
28
Calculate the greatest common divisor of 20 and 1139284040.
20
What is the highest common factor of 182 and 212784338?
26
Calculate the highest common factor of 56 and 41027812.
28
What is the greatest common divisor of 18634 and 12008282?
2662
Calculate the greatest common factor of 9322567 and 529.
529
Calculate the highest common factor of 76547 and 83968.
41
Calculate the highest c